?
18
Suppose 9*m - 5*m - 32 = 0. Calculate the remainder when m is divided by 2.
0
Let i(x) = -36*x**3 - 4*x**2 - 3*x - 1. What is the remainder when 339 is divided by i(-1)?
33
Suppose 5*v = c - 19 - 34, 4*v = -4*c + 116. What is the remainder when c is divided by 18?
15
Calculate the remainder when 9*-1*(0 + -3) is divided by 24*1/2 - 2.
7
Suppose 0 = 4*h - h - 81. What is the remainder when 14 is divided by -1 + 4/(12/h)?
6
Suppose -49*n - 223 = -811. Calculate the remainder when (1*22)/(2/2) is divided by n.
10
Let i(y) = 3*y - 19. Calculate the remainder when i(9) is divided by 0 + (-3)/((-6)/10).
3
Let d = -30 + 43. Calculate the remainder when 50 is divided by d.
11
Suppose -17*k + 27 = -14*k. What is the remainder when k is divided by 2?
1
Let q(k) = -k**3 + 5*k**2 + k. Let s be q(5). Suppose -w = 2*v - 20, 38 + 32 = s*w + 4*v. What is the remainder when 28 is divided by w?
8
Suppose 2*y - 19 = -2*r + r, 3 = y. Calculate the remainder when r is divided by 7.
6
Suppose -6*c + 2*c + 60 = 0. What is the remainder when (10/c)/(2/114) is divided by 10?
8
Let d(y) = -y**3 - 8*y**2 - 3*y + 1. Let l(a) = -a**2 + 4*a + 4. Let i be l(6). Calculate the remainder when d(i) is divided by 13.
12
Let k = 66 - 47. Calculate the remainder when 56 is divided by k.
18
Let x = 97 + -62. What is the remainder when 137 is divided by x?
32
Suppose -2*h = -2, 5*k + h - 8 = -2. Let i = k + 18. Calculate the remainder when 55 is divided by i.
17
Let a(p) = 2*p - 7*p + p**3 - 3 - 12*p**2 - 3*p. What is the remainder when a(13) is divided by 13?
10
Let t(l) = -l**3 - 18*l**2 + l + 34. Calculate the remainder when t(-18) is divided by 6.
4
Let m be (-1)/2 - (-10)/(-4). Let q be ((-14)/3)/((-1)/m). What is the remainder when 20 is divided by q/(-1 - (-3)/(-3))?
6
Let x = -44 - -66. Let b = x - 7. Calculate the remainder when 43 is divided by b.
13
Suppose 5*b - 5*w - 25 = 0, 3*b - w - 12 = 3. Suppose 12 = -0*j + 4*j. Calculate the remainder when b is divided by j.
2
Let y = 134 - 67. Calculate the remainder when y/2 - 3/2 is divided by 2/(-3) - 105/(-9).
10
Let z(x) = 2*x**2 - 8*x + 13. What is the remainder when z(7) is divided by 29?
26
Suppose -3*o - m + 105 = 0, 6*o - 5*o + 2*m - 40 = 0. Calculate the remainder when 203 is divided by o.
33
Let d(o) = o**3 + 8*o**2 - 4*o - 11. What is the remainder when d(-8) is divided by 8?
5
Suppose -14*w - 82 = -278. What is the remainder when 55 is divided by w?
13
Let j(t) be the third derivative of 1/24*t**4 + 0 - 2*t**2 + 0*t + 7/6*t**3. Calculate the remainder when 27 is divided by j(7).
13
Suppose l + 25 = 5*g, 0 = -2*g - 2*g - 3*l + 39. Let s(p) = -p + 2. Calculate the remainder when s(-2) is divided by g + 1*(-1 + -2).
1
Suppose 0 = -j - 2*j + 9. Calculate the remainder when 34/4 + j/(-2) is divided by (-2)/5 + 44/10.
3
Let g(u) = 4*u**2 - u - 2. Let f be g(-2). Suppose -s + 13 = -f. Suppose 2*i + 30 = 5*i. What is the remainder when s is divided by i?
9
Let a(k) = k**2 + 2. Let x be a(0). Suppose 4*z + x*p - 18 = 0, -5*z + 15 = 4*p - 0*p. What is the remainder when 26 is divided by z?
5
Let j(y) = -2*y**2 + 6*y + 5. Let m be j(8). Let d = -3 - m. Let r = d + -23. What is the remainder when r is divided by 13?
10
Let z be (-34)/(-10) + (-10)/25. Suppose -z*n + 36 = -42. What is the remainder when n is divided by 14?
12
Let m(k) = -3*k - 8. Let w(n) = n**3 + 2*n**2 + 4*n + 3. Let f be w(-2). Calculate the remainder when 20 is divided by m(f).
6
Suppose 4*s - s - 171 = 0. What is the remainder when 112 is divided by s?
55
Let m be (30/(-8))/(-3)*-4. Calculate the remainder when m*(0 + -5) - 2 is divided by 8.
7
Suppose 81 = 5*y - 2*p, -4*y - 5*p + 44 = -2*y. Calculate the remainder when 50 is divided by y.
16
Let s(t) = -t**2 + 8*t - 1. Let r(m) = 2*m + 1. Let b be r(1). Suppose b*h - 37 = -4*w, -h - 2*h + 44 = 5*w. What is the remainder when s(w) is divided by 4?
2
Let v = -53 + 79. What is the remainder when 49 is divided by v?
23
Let v(z) = -2*z + 8. Let r be v(-6). Let c be ((-3)/(-5))/((-4)/r). What is the remainder when 304/12 - 2/c is divided by 7?
5
Let h(s) = -s**3 - 3*s**2 + 7*s + 12. What is the remainder when h(-6) is divided by 20?
18
Suppose 5*t + 1 - 4 = 3*w, 3*w + 3 = -3*t. Suppose -h - 4*h - 15 = t, 0 = -4*k + 4*h + 96. Calculate the remainder when 41 is divided by k.
20
Let h(z) = -5*z + 2. Let b(n) = -2*n + 1. Let u(q) = -5*b(q) + 3*h(q). Let k = 11 - 12. Calculate the remainder when 11 is divided by u(k).
5
Suppose 0 = -82*v + 79*v + 51. What is the remainder when v is divided by 5?
2
Suppose 4*w = 5*w - 4. What is the remainder when ((-2)/(-6))/(2/66) is divided by w?
3
Suppose 0*z + 3*z = 0. Suppose z = 6*h - h - 80. Suppose -4*f = -6*o + 3*o - 2, 0 = -o - 5*f + 31. Calculate the remainder when h is divided by o.
4
Suppose 0*o = -o + 3*r + 18, -4*o = 5*r + 13. Suppose 0 = -5*k + 5, o*k - 2 + 17 = 2*f. Calculate the remainder when f is divided by 5.
4
Suppose t - q = 2*t - 34, 3*t - 99 = -4*q. Calculate the remainder when t is divided by 11 + 2 + 2 + -2.
11
Calculate the remainder when 52 is divided by 7 - -1*2/(-2).
4
Suppose 2*m - 43 = -5*c, -3*m + 3*c = 2*c - 22. What is the remainder when 0 + (-4 + -98)/(-3) is divided by m?
7
Suppose -2*i = -5*l + 36, 4*i - 12 = -l - 3*l. What is the remainder when 9 is divided by l?
3
Let s(a) = -a**3 + 9*a**2 - 8*a + 3. Let t(k) = -4*k. Let h be t(-2). Let j = -9 + 13. Calculate the remainder when j is divided by s(h).
1
Let d = 104 - 81. What is the remainder when d is divided by 8?
7
Suppose -3*x + 16 = -5*c, 3*c + 8 = -3*x + 4*x. Let w(d) = d**2 - 1. Let a be w(2). Calculate the remainder when c/(a/(1*-6)) is divided by 2.
0
Suppose -14*v + 40 = -9*v. Let n = 11 - 7. Let o = v - n. What is the remainder when 7 is divided by o?
3
Let u = -5 - -10. Suppose 0 = 3*v - 2*k - 20 - 95, -2*v - u*k = -45. Calculate the remainder when v is divided by 12.
11
Let h(b) = b**2 + 4*b. Suppose 18 = -g - 3*m - 3, 19 = -4*g + m. What is the remainder when 22 is divided by h(g)?
10
Suppose -23 + 7 = -2*p. Calculate the remainder when p is divided by 7.
1
Suppose -59 = -6*l + 7. What is the remainder when 32 is divided by l?
10
Let v = 8 + 1. Calculate the remainder when (-2)/v - (-1437)/27 is divided by 18.
17
Let v(w) = -w - 5. Let d be v(-3). Suppose -g = -4*n - 4, -2*g + 2*n = -3*n - 11. Let o = g - d. What is the remainder when 29 is divided by o?
9
Let o be (1 + 0 - 2)*27. Let f = o - -47. Calculate the remainder when (-580)/(-15)*3/2 is divided by f.
18
Let c(z) = -z**2 + 16*z - 17. What is the remainder when 123 is divided by c(12)?
30
Let o(n) be the second derivative of 2/3*n**3 - 2*n + 0 - 3/2*n**2 + 1/20*n**5 + 0*n**4. What is the remainder when 25 is divided by o(2)?
12
Let j(x) = -2*x + 9. Let r be j(6). Calculate the remainder when 28 is divided by (r/2)/(9/(-60)).
8
Let t = 51 - 49. Suppose 3*y + 2*m = 6*m - 1, -3*y - 11 = -2*m. Let q = y + 11. What is the remainder when q is divided by t?
0
Let b = -15 + 34. Let j(y) = -y**3 + 6*y**2 + y + 1. Let x be (-4)/(-2) + 0 + 4. Calculate the remainder when b is divided by j(x).
5
Suppose -2*f + 115 = 3*f. Suppose 0 = -p - 3*c + f, -p - 3*c = c - 24. Let d(u) = 6*u**2 + u. What is the remainder when p is divided by d(1)?
6
Let q = 21 - 10. Suppose 5*y + 1 = q. Calculate the remainder when 5/((-3 + 0)/(-3)) is divided by y.
1
Let f = 48 - -9. What is the remainder when f is divided by 30?
27
Suppose -3 = -4*y + 17. Suppose 3*h = 7*h, -y*u - h + 40 = 0. Calculate the remainder when 29 is divided by u.
5
Let c = -243 - -346. What is the remainder when c is divided by 18?
13
Suppose 4 + 8 = 2*f. Let s(g) = -2*g - 11*g + f - 9. What is the remainder when s(-2) is divided by 8?
7
Let f = 65 - 60. Suppose l - 3 = 15. Calculate the remainder when l is divided by f.
3
Let t = 4 + -1. Suppose 4*r - t*r = 13. What is the remainder when 38 is divided by r?
12
Let s(l) = 2*l**2 - l - 9. Calculate the remainder when s(6) is divided by 12.
9
Let n(l) = -l + 1. Let y be n(-4). Let d be (-7 + 2)*422/(-5). Suppose 3*q = y*z + q - d, -4*q + 360 = 4*z. Calculate the remainder when z is divided by 22.
20
Let r(s) = -s**2 + 13*s - 15. What is the remainder when r(10) is divided by 8?
7
Let q(t) = 3*t**2 + 2*t + 1. What is the remaind